l be g(6). Suppose -l = -3*t - 79. List the prime factors of t.
137
Let v = -16 - -16. Suppose v = -5*c + 16 + 4. List the prime factors of (10/c)/((-20)/(-16)).
2
List the prime factors of ((-2431)/(-51))/(1/33).
11, 13
Suppose 0 = -d - 2*z + 3, -2*z = -4*d + 2 + 10. Suppose -3*l = d*l - 1722. List the prime factors of l.
7, 41
Let v = -438 - -975. What are the prime factors of v?
3, 179
Let v be (-12)/(-10) - (-11)/(-55). List the prime factors of (v*184/(-20))/((-1)/15).
2, 3, 23
Let b(d) = -d**3 - 12*d**2 + d + 13. Suppose 4*a - 4*v = v - 58, 4*a - 4*v + 56 = 0. Let k be b(a). List the prime factors of (-9*1)/(k/(-3)).
3
Let z be (-10)/2*(-44 - (-2 + 5)). Suppose 0 = -5*k + 180 + z. What are the prime factors of k?
83
Suppose 324*p = 319*p + 16485. List the prime factors of p.
3, 7, 157
Let m(r) = r**2 - 8*r - 6. Let d be m(7). Let i = d + 22. Let o(j) = -j**3 + 8*j**2 + 9*j + 8. What are the prime factors of o(i)?
2
Let m = 42 - 43. Suppose 0 = -3*u + 5*u + 22. List the prime factors of (m + u)*2/(-1).
2, 3
Suppose -4*j + 23 = -3*p, 3*p - 6*p - 11 = 2*j. Suppose 2*n - 202 = -j*m + 5*m, 4 = m. What are the prime factors of n?
107
Suppose -4*c - 761 = 5*m - 10*m, 0 = 2*m - c - 302. What are the prime factors of m?
149
Suppose -31 - 1 = 16*h. List the prime factors of 2 + (-312)/(-6) + (-8)/h.
2, 29
Suppose 0 = -4*u + 4, 0*g - 3*g + u = 37. Let k = g + 60. Suppose 5*x = x + k. What are the prime factors of x?
2, 3
Suppose 143*b + 2156 = 147*b. What are the prime factors of b?
7, 11
Suppose b + 4*c - 1532 = 0, -3*b + 4*c - 3064 = -5*b. What are the prime factors of b?
2, 383
Let d(a) = a + 8. Let q be d(-6). Let i(v) = -6*v + 2*v - 2 - 2*v**q + 3*v**2. List the prime factors of i(5).
3
Suppose 128*h + 987 = 135*h. What are the prime factors of h?
3, 47
Let c(o) = 0*o - 3 - 4*o + 7*o + 0. Let r be c(-12). Let j = -27 - r. List the prime factors of j.
2, 3
Let v(k) = 11*k - 3. Suppose -s - 4 + 8 = 0. Suppose -2*w - 10 = -4*z, w + 0*w = s*z - 9. What are the prime factors of v(z)?
19
Suppose r - 5*y + 29 = 0, -5*r - 178 - 57 = 5*y. Let d = -35 - r. List the prime factors of d.
3
List the prime factors of (-2261772)/(-972) + (-6)/(-81).
13, 179
Let i = 2509 - -542. List the prime factors of i.
3, 113
Suppose 479 = 3*h + 4*u, u = -2*u + 15. Suppose 4*r + 5 = h. What are the prime factors of r?
37
Let d be 29 - 3 - 21/7. Let t = d + 20. What are the prime factors of t?
43
What are the prime factors of 3170 - (1 - (13 - 0))?
2, 37, 43
Suppose 0 = 6*t - 4*t - 1616. What are the prime factors of t?
2, 101
Let w be (-12)/42 - (-1842)/(-21). What are the prime factors of -8 + 4 - -1 - w?
5, 17
Let c = 3091 + -1645. List the prime factors of c.
2, 3, 241
Let t be (1 - 3 - -7)/1. Suppose 11*p - 10*p = t. List the prime factors of p.
5
Suppose -36430 + 3365 = -17*p. List the prime factors of p.
5, 389
Suppose -2*x - 2*x + 8 = 0, 0 = 3*f - 5*x - 32. Suppose -13 = 3*r + 11. Let l = f + r. What are the prime factors of l?
2, 3
Suppose 0 = 3*i - 5*i + 6. Let x = -13 + 17. Suppose n + x*n - 80 = -5*r, 0 = -i*n - r + 58. What are the prime factors of n?
3, 7
Let k be -3*((-2)/(-6) + -1). Let o(y) = y**3 - 12*y**2 + 23*y + 8. Let f be o(10). Suppose k*n - n - f = 0. List the prime factors of n.
2, 19
Suppose 2*j + 8*i - 5168 = 6*i, -j = 6*i - 2604. List the prime factors of j.
2, 3, 5, 43
Let d(f) = -4 + 9 - 3*f**2 + 6*f - f**2 + 3*f**2. Let u be d(6). Suppose -3*l = 3*b - 12, 3 + u = 2*l - 4*b. List the prime factors of l.
2
Let b(p) = 153*p + 116. What are the prime factors of b(15)?
2411
Suppose 2*g - 1812 = -3*h + 1181, 1514 = g + 5*h. What are the prime factors of g?
1489
Suppose 0 = -5*w - 4 + 34. Suppose 0 = -4*q - w + 18. Suppose -4*i - 36 = -4*m - 2*i, 0 = -3*m - q*i + 9. What are the prime factors of m?
7
Let h(c) = -c**2 - 27*c + 30. List the prime factors of h(-21).
2, 3, 13
Suppose 4*g = 2*q - 186, -5*g - 277 = -3*q - g. List the prime factors of (-2)/13 + 1925/q.
3, 7
Let i(v) = -v**3 + 4*v**2 + 3*v. Let l be i(4). List the prime factors of (-6)/(-9) - (-376)/l.
2
List the prime factors of 1230/246 - (0 - (-1035)/(-1)).
2, 5, 13
Suppose -5*j + 6 = -2*j. Suppose -5*f = 5*v - 60, 2*v + 5*f = -j*v + 49. What are the prime factors of v?
11
Let w be (-1)/(1 + 2) - (-399)/9. Let h = 87 - w. List the prime factors of h.
43
Suppose -6*w + 45 = -135. What are the prime factors of ((-6)/2)/((-2)/w)?
3, 5
Let m = -518 + 2449. What are the prime factors of m?
1931
Let n(a) = a**3 - 68*a**2 + 100*a - 2. List the prime factors of n(67).
47
Let b(p) = -295*p - 102. What are the prime factors of b(-4)?
2, 7, 11
What are the prime factors of 3680/6 + 14/(-42)?
613
Suppose -4*d - 58*z + 6979 = -57*z, 2*d - 5*z = 3517. What are the prime factors of d?
2, 3, 97
Suppose 0*f - 14 = -2*c - 5*f, -2*c - f + 14 = 0. Let d = c + 35. What are the prime factors of -1*d/(-3) + -3?
11
Let z(k) = 19*k**2 - 3*k + 1. Let y be z(2). Let o = y + -13. List the prime factors of o.
2, 29
Let s be -1 - -1*(97 + -4). Suppose -70 - s = -2*b. List the prime factors of b.
3
Let s(b) = -7*b - 26. Let j(n) = -n**3 - 6*n**2. Let u be j(-6). Suppose u = r + 2*r + 2*y + 24, -3*r = -2*y + 12. What are the prime factors of s(r)?
2
Let b = 132 - -68. Suppose c - 4*d = -0*c + 165, c - b = -3*d. List the prime factors of c.
5, 37
Suppose -b + 14 = 2*p, 4*p - 40 = 4*b - 9*b. What are the prime factors of 476/10 + b + 3/(-5)?
3, 17
Let l = 10 - 20. Let x(m) = -m**3 - 10*m**2 - 7*m - 14. What are the prime factors of x(l)?
2, 7
Let v(w) = 2*w + 14. Let q be v(-17). Let u = 33 + q. What are the prime factors of u?
13
Let b be (-4)/10 - 297/(-55). Let d(o) = 3*o - 21 + 25 - b*o + o**2. What are the prime factors of d(6)?
2, 7
Let t be (7 - 5 - 2)*(1 - 2). Let p(y) = 4*y**2 + 24. What are the prime factors of p(t)?
2, 3
Let o be ((-3)/2)/((-48)/352). Let f(r) = 4*r - 12. List the prime factors of f(o).
2
Let r = -62 + 83. Suppose -5*c + r + 39 = 0. List the prime factors of c.
2, 3
Suppose 2*m - 720 = 2*w, 10*m - 7*m - w = 1090. What are the prime factors of m?
5, 73
Suppose l + 496 = 9*l. What are the prime factors of l?
2, 31
Let d(c) = c**2 + c + 7. Let m be d(-5). Suppose 7 = -5*s + m. Suppose s*v - 9 = 11. List the prime factors of v.
5
What are the prime factors of 52*((-1730)/(-40) - 1)?
13
Suppose l - 2718 = -2*l. What are the prime factors of l?
2, 3, 151
Let h(x) = -380*x - 268. What are the prime factors of h(-6)?
2, 503
Let g be (1 - (5 - -4))*(-1 - -2). Let i(z) be the third derivative of z**5/30 + 13*z**4/24 + 8*z**3/3 + z**2. What are the prime factors of i(g)?
2, 5
What are the prime factors of 2/(11/(20856/16))?
3, 79
Let b(g) = g**3 - 5*g**2 - 29*g + 27. What are the prime factors of b(14)?
5, 277
Let r(g) be the third derivative of g**5/60 - g**4/24 + g**3/6 - g**2. Suppose -19 = 5*m - 4. What are the prime factors of r(m)?
13
Let y(j) = j + 1. Let k be y(-1). Let c(s) = -s**2 + 2*s - 51. Let q be c(k). Let m = -28 - q. List the prime factors of m.
23
Let t(w) = w**2 + 9*w. Let r be t(5). Let c = 201 - r. List the prime factors of c.
131
Suppose 2*w = 2*j + 14, 2*j + 44 = 5*w + 6*j. Let h be 5/2*(-16)/w. Let m = 21 - h. List the prime factors of m.
2, 13
Let o be (-2 + (-65)/(-20))*4. Suppose -5*f + 1 + 9 = 0, 0 = o*p + 3*f - 301. What are the prime factors of p?
59
Let g be 30/18 - (-1)/3. Let z(u) = -7*u**g + 0*u**3 - 7*u + u**3 + 8 + 13*u. What are the prime factors of z(6)?
2
Let q = 1 + 4. Suppose w - q*z - 21 = 0, 5*w = 2*w + 2*z + 128. What are the prime factors of w?
2, 23
Let d(l) = -6*l - 4. Suppose 0 = -4*g - 18 + 6. What are the prime factors of d(g)?
2, 7
Suppose -304 = -5*r + q + 255, 2*r - 3*q = 234. What are the prime factors of r?
3, 37
Let l = 61 - 58. Suppose 15 = l*z, 69 = 2*r + 5*z - 164. List the prime factors of r.
2, 13
Let d be 22/6 + 12/36. Suppose -d*j - 108 = -636. Suppose 4*q = 8*q - j. What are the prime factors of q?
3, 11
Let p(q) = -14*q + 7. Let g be p(-2). Suppose -5*a - g = -12*a. List the prime factors of a.
5
Suppose 4*a + 21 - 41 = 0. Suppose -2*n - 2*u + 1324 = 2*n, a*n = 4*u + 1681. What are the prime factors of n?
3, 37
Let r be (-8)/48 - (-50)/12. Suppose -5*x - 6 + 63 = -2*f, -r*x = -20. Let g = f + 27. What are the prime factors of g?
11
Su